1302023
In base 9, what is -35 - -1457004?
1456858
In base 12, what is 7 - 2a078a4?
-2a07899
In base 8, what is -357246 - 76?
-357344
In base 8, what is -5 + 26312400?
26312373
In base 2, what is 110100001101101001 - -10111?
110100001110000000
In base 14, what is 154321 + -1?
154320
In base 10, what is 17060 + 205?
17265
In base 10, what is -83 - 130676?
-130759
In base 6, what is -3 - 52512354532?
-52512354535
In base 10, what is -11206 - -3116?
-8090
In base 16, what is 5 - -33abe6?
33abeb
In base 15, what is 8a0748c - 8?
8a07484
In base 15, what is 0 + 1cb982?
1cb982
In base 11, what is -10758 + 5394?
-6374
In base 5, what is -13033432242 + 10?
-13033432232
In base 11, what is 1530 + -1565?
-35
In base 3, what is 222121111211 - -1120?
222121120101
In base 2, what is 11111011 - 10001010010001011011?
-10001010001101100000
In base 9, what is -11337 + 24173?
12735
In base 11, what is -809 + 39514?
38806
In base 2, what is 110001001011011 - 111100010?
110000001111001
In base 4, what is -20002033022 + -10?
-20002033032
In base 10, what is -618 - 2708?
-3326
In base 11, what is -4355385 + 1?
-4355384
In base 16, what is 4 - bac6804?
-bac6800
In base 10, what is -44648071 - -5?
-44648066
In base 5, what is -111314 - 10200?
-122014
In base 5, what is -1 + -2341122413?
-2341122414
In base 15, what is -4ea5081 - c?
-4ea508d
In base 9, what is -4 + 28475301?
28475286
In base 5, what is -13422122143 + -2?
-13422122200
In base 9, what is 12803 - -6181?
20084
In base 16, what is 9c + -6783?
-66e7
In base 2, what is -10101000010110010000000 + -10?
-10101000010110010000010
In base 5, what is -2234102422 + -1?
-2234102423
In base 2, what is -10 - -111000110111110111000001?
111000110111110110111111
In base 3, what is 1210020 - 100200110202?
-100121200112
In base 13, what is 34 - 92071?
-9203a
In base 6, what is -13204 - 4351?
-21555
In base 4, what is 22102 + 120121230?
120203332
In base 8, what is 111317 - 473?
110624
In base 2, what is -1011100101000101110001 - 1100001?
-1011100101000111010010
In base 2, what is -11010101000010101110111011 - -101?
-11010101000010101110110110
In base 11, what is 1351 + 8434a?
856a0
In base 12, what is -3899b - -b4?
-388a7
In base 10, what is 1751498 + -5?
1751493
In base 8, what is 6124041 + -652?
6123167
In base 12, what is -30b6485 + -147?
-30b6610
In base 5, what is -33141 - -111233344?
111200203
In base 15, what is 3e4 - 196?
24d
In base 12, what is 25 - 155a15a3?
-155a157a
In base 2, what is -1000011 + -111010001010011110110?
-111010001010100111001
In base 6, what is -34510312 - 12?
-34510324
In base 13, what is -4ab9087 - 0?
-4ab9087
In base 4, what is 12213310301 + 120?
12213311021
In base 10, what is -134682 + -20?
-134702
In base 9, what is 1882 - 10066?
-7074
In base 11, what is -7761345 - 5?
-776134a
In base 4, what is -13221232231 - -23?
-13221232202
In base 10, what is -24999 + -2418?
-27417
In base 3, what is -10210021220121001 - 0?
-10210021220121001
In base 16, what is -1d965 - 131?
-1da96
In base 10, what is -1186 + -77429?
-78615
In base 9, what is -88427602 - 5?
-88427607
In base 3, what is 100120022020 - 1121?
100120020122
In base 8, what is -23 + -1343111?
-1343134
In base 3, what is -1200 - 11010000022?
-11010001222
In base 10, what is 26049898 - 4?
26049894
In base 8, what is -22405 - 12254?
-34661
In base 16, what is 19ce + 2d15?
46e3
In base 7, what is 1023444 + 260?
1024034
In base 12, what is -75482 + 113?
-7536b
In base 16, what is -11 + -17bd7c?
-17bd8d
In base 7, what is -60002026306 + 1?
-60002026305
In base 6, what is 110510334 + 4?
110510342
In base 2, what is -10100101 + 10000111110011100?
10000111011110111
In base 9, what is 1312 + -18750?
-17437
In base 15, what is 8ed9 + a6?
9090
In base 15, what is -2bea0 - 6b?
-2c01b
In base 12, what is 25189 - -2b3?
25480
In base 14, what is 1 - d65ca07?
-d65ca06
In base 3, what is -121000220210100 + 1?
-121000220210022
In base 3, what is 10022 - -2010220102?
2011000201
In base 7, what is -42 - -2330250?
2330205
In base 6, what is -50 + 103341553?
103341503
In base 3, what is -20112 - -22102220?
22012101
In base 8, what is -3 - -22477147?
22477144
In base 14, what is -5b4ca - -16?
-5b4b4
In base 3, what is 1 - 101001220202202?
-101001220202201
In base 4, what is -3102231 + 10032101?
323210
In base 2, what is 11111010101110100101111 - -101?
11111010101110100110100
In base 3, what is 10011220000111112021 - 11?
10011220000111112010
In base 7, what is -1116614 - -1444?
-1115140
In base 2, what is 1001000011 - -1110001010011?
1111010010110
In base 11, what is -20142 + -3927?
-23a69
In base 12, what is 162b - 4b76?
-3547
In base 11, what is 282053 - -70?
282113
In base 5, what is -20 + 313140443?
313140423
In base 7, what is -662342335 - 2?
-662342340
In base 4, what is -113332 + -12231223?
-13011221
In base 4, what is -220013030333 - 10?
-220013031003
In base 11, what is -61a03 - 968?
-62870
In base 9, what is -1152 + 351288?
350136
In base 16, what is a50f1 + 12?
a5103
In base 7, what is -22 + 1201403?
1201351
In base 14, what is -16d6b + -155?
-170c2
In base 10, what is 4 - 3491894?
-3491890
In base 16, what is -6 + 9d9b95?
9d9b8f
In base 14, what is 134 - -4b7c?
4cb2
In base 12, what is 109a - -b911?
109ab
In base 8, what is 135 - 75370?
-75233
In base 15, what is -4e500 + -c?
-4e50c
In base 16, what is -5d2 - 703?
-cd5
In base 6, what is -23555344 - 22?
-23555410
In base 12, what is 3900 - -1462?
5162
In base 2, what is -1101000 - -1100101111100100?
1100101101111100
In base 2, what is 110011010100111011 - -100101?
110011010101100000
In base 8, what is -526062 + -4?
-526066
In base 13, what is -11151546 + 5?
-11151541
In base 12, what is 502b - -123b2?
17421
In base 16, what is -fc2b9 + 12?
-fc2a7
In base 6, what is 2 - -54311323?
54311325
In base 4, what is 1021032 - 311103?
103323
In base 5, what is 340001 + -3230?
331221
In base 8, what is 2 - 10231473?
-10231471
In base 12, what is 548046 - 7a?
547b88
In base 4, what is -2 - -13010003132020?
13010003132012
In base 11, what is 924704 + -11?
9246a3
In base 2, what is 10011110110111011011000011101 - -10?
10011110110111011011000011111
In base 2, what is -1101111110010 + -111100101010?
-10101100011100
In base 6, what is 443 - -15315043?
15315530
In base 14, what is -972045 + -7?
-97204c
In base 8, what is -2602 - 21674?
-24476
In base 5, what is 411 - -4221300?
4222211
In base 7, what is 45 - 21126446?
-21126401
In base 15, what is -23a66 - -10?
-23a56
In base 11, what is -238 + 8316?
8089
In base 9, what is -216 - 106707?
-107024
In base 12, what is -2623 - -39a7?
1384
In base 15, what is 12b - 3465c?
-34531
In base 4, what is -232223231 - 20232?
-232310123
In base 6, what is 201 - -230241004?
230241205
In base 10, what is 4990 + -1521?
3469
In base 10, what is -92153396 - -3?
-92153393
In base 11, what is -1720517 - 32?
-1720549
In base 5, what is 232422434 - -2042?
232430031
In base 11, what is -3227 - -24034?
20908
In base 13, what is 451 + 17892?
18013
In base 13, what is -470 + 9956?
94b6
In base 2, what is 11011011110101110110000011 + -10?
11011011110101110110000001
In base 5, what is -1132101 - 220044?
-1402200
In base 11, what is 24 + -251124?
-251100
In base 9, what is 212746713 - 4?
212746708
In base 13, what is 8a - -42c00?
42c8a
In base 2, what is 11000001 + 1110011001011011110?
1110011001110011111
In base 4, what is 23230223 + -100213?
23130010
In base 6, what is 335324 + -553?
334331
In base 13, what is -1c7 + 5030?
4b36
In base 16, what is -4 - 1856be?
-1856c2
In base 11, what is -2134a6343 + 2?
-2134a6341
In base 11, what is -23 - 1413352?
-1413375
In base 8, what is -651370257 - 0?
-651370257
In base 15, what is -189b + -5e2?
-1e8d
In base 2, what is 1011101111010001001000011 + 100?
1011101111010001001000111
In base 15, what is 0 - 3a0ed0b?
-3a0ed0b
In base 11, what is 3286034a + -1?
32860349
In base 13, what is -8b1037 - -3?
-8b1034
In base 6, what is -2500 - -504013?
501113
In base 3, what is -112112102100 + -10022?
-112112112122
In base 14, what is -5901b - -22?
-58dd9
In base 10, what is -25437 + 298?
-25139
In base 9, what is 121 - 5150571?
-5150450
In base 6, what is -444002 + 343?
-443215
In base 12, what is -82 + 18219a?
182118
In base 11, what is -4216255 - -1?
-4216254
In 